 85016 = -4*f + 2*y, 3*f - 5*y = 41382. Suppose 10*c + 3264 = f. What are the prime factors of c?
3, 13
Suppose -2*w - 2*w + 5*p = -58250, -5*w - 3*p + 72794 = 0. What are the prime factors of w?
2, 5, 7, 13
Suppose 0 = 1149*t - 1197*t + 80304. List the prime factors of t.
7, 239
Suppose -y + 3*a - 1 = 3, -5*y - 4*a = -75. Suppose -1091 - 3188 = -y*x. List the prime factors of x.
389
Suppose 100 = -4*j - 340. Suppose -277*g + 60200 = -84*g + 87*g. Let l = j + g. What are the prime factors of l?
3, 5, 7
Suppose 10632354 - 1640542 + 3848848 = 237*f. List the prime factors of f.
2, 3, 5, 7, 43
Suppose -35 = -3*z + 8*z. Let g be (210/(-4))/(z*5/(-70)). Let h = 176 + g. List the prime factors of h.
71
Let q be ((-5)/2)/(2/(-4)). Suppose -273 - 147 = -q*f. What are the prime factors of f?
2, 3, 7
Let y be 28/(-49) - 12583/(-7). Let c = y - 1189. What are the prime factors of c?
2, 19
Suppose -i = 2*u - 883, -3*i + 8*i - u - 4404 = 0. Let c = -74 + i. What are the prime factors of c?
3, 269
Let q(j) = -j**2 + 3. Let l be q(0). Suppose -5*c + x + l = -2*x, -4*c = -x - 1. Suppose 0*a - 2*a + d + 196 = c, -5*d = 20. What are the prime factors of a?
2, 3
Let u(n) be the second derivative of 5*n**4/12 - 95*n**3/6 + 19*n**2/2 - 4*n + 7. What are the prime factors of u(20)?
7, 17
Let q be (116/(-8) + -1)*(0 + 10). Let c = 242 - q. What are the prime factors of c?
397
Suppose -5*j = -4*m - 42 - 183, 5*j = 3*m + 225. Suppose -j*o + 2720 = -1015. What are the prime factors of o?
83
Let g = 176862 + -120058. List the prime factors of g.
2, 11, 1291
Let v(y) = 4*y**2 - 45*y + 10. Let u(p) = 5*p**2 - 44*p + 10. Let t(n) = 2*u(n) - 3*v(n). List the prime factors of t(9).
251
Let m = 118 + -116. Let o(d) = 2*d**2 + 5*d - 6. Let h be o(12). Suppose 3*w - 7*a + 4*a - h = 0, -m*a - 114 = -w. List the prime factors of w.
2, 3, 19
Let z = -19250 - -37896. List the prime factors of z.
2, 9323
Suppose -3*o + 9 = -3*u, -o + 7 - 4 = 0. Suppose u = -2*y + 3*p - 6*p + 13, -14 = -2*y - 2*p. What are the prime factors of y?
2
Suppose -24*b - 10*b = 0. Let w(f) = -f**2 + 4*f - 79. Let q(c) = 3*c**2 - 11*c + 237. Let s(n) = 3*q(n) + 8*w(n). What are the prime factors of s(b)?
79
Suppose -a - 3*a - 4 = 3*d, 0 = 2*a - 5*d - 24. Let q be ((0 - -1) + -9 - -1) + a. Let c = q - -58. What are the prime factors of c?
53
List the prime factors of 10/75*-10 + 2*(-32215)/(-6).
3, 1193
Suppose -n + 2*j = 430, -4*j = 5*n - 5*j + 2123. Let i = n + 636. List the prime factors of i.
2, 53
Let j(h) = 25*h + 1. Let s be j(0). Let q(c) = -3*c - 3. Let y(d) = 4*d + 4. Let f(x) = 5*q(x) + 4*y(x). List the prime factors of f(s).
2
Let s(i) be the first derivative of -i**4/4 + 4*i**3 + 11*i**2/2 + 6*i + 16. Let w be s(-4). Let x = w - 153. What are the prime factors of x?
5, 13
Let d = 30 - -66. Suppose v - d = -5*v. Suppose -f - 3*o = -2, o + v = f + 2*f. List the prime factors of f.
5
Let v(o) = 106*o + 4117. List the prime factors of v(47).
3, 337
Let u(h) = -2*h**3 + 14*h**2 + 10*h + 4. Let z be u(8). What are the prime factors of (z/8*2)/(-1)?
11
Let b(r) = -2*r**2 + r - 13. Let p(l) = -5*l**2 + 3*l - 26. Let s(c) = 9*b(c) - 4*p(c). List the prime factors of s(-8).
139
Suppose p - 14 - 1 = -5*n, -5*p = n - 3. Let w(l) = 166*l - 4. What are the prime factors of w(n)?
2, 13, 19
Let z be 8/(-6)*1 + 31220/(-210). Let c = 423 + z. List the prime factors of c.
3, 7, 13
Suppose 6*c = -932 + 812. Suppose 3*v + 5*s = 133 + 84, 5*v - 367 = -3*s. Let p = v + c. What are the prime factors of p?
2, 3
Suppose -2*a = 5*q - 16783, 850 = -q + 4*a + 4189. List the prime factors of q.
5, 11, 61
What are the prime factors of (84/(-10))/(89/356*2/(-790))?
2, 3, 7, 79
Suppose 2*w = -3*f + 96397, -1802*w + 1804*w + f - 96387 = 0. List the prime factors of w.
11, 13, 337
Suppose 22*m - 20*m = 66. Let i be m/(-8 + 5)*9. Let b = i + 222. What are the prime factors of b?
3, 41
Let n(f) = f**3 - 8*f - 18*f**2 + 33*f**2 - 12 - 13*f**2. List the prime factors of n(7).
373
Suppose 781*h - 440350 = 731*h. What are the prime factors of h?
8807
Let d(o) = -4*o**2 + 7*o - 23. Let b be d(-5). What are the prime factors of (2 + b)/2*12/(-4)?
2, 3, 13
Suppose -15015 = -5*y - 720. Let p = 4055 - y. What are the prime factors of p?
2, 13, 23
Let p = 10627 + -5236. List the prime factors of p.
3, 599
Suppose 0 = -3*t - 5*x - 65, 5*t + 5*x + 112 - 7 = 0. Let r be 6/(-3 + (0 - t/7)). What are the prime factors of 14*4*(2 - (-75)/r)?
2, 3
Suppose 2*c - 3*l - 12196 = 0, 0 = 3*c - 6*c + l + 18294. Suppose -11*k = -6*k + q - c, -5*k = 4*q - 6092. List the prime factors of k.
2, 5, 61
Let g be (14 - -6)*(4 + 1022/4). Suppose -65*k + g = -50*k. List the prime factors of k.
2, 173
Let j(v) = 14*v**2 + 138*v + 3940. List the prime factors of j(-49).
2, 3, 1283
Let g(z) = 16*z - 1. Let a be g(2). Suppose 0*i + a = -i - 5*r, r + 3 = 0. Let d = 9 - i. What are the prime factors of d?
5
List the prime factors of ((-57164)/12)/(((-2)/(-48))/((-95)/190)).
2, 31, 461
Let s be ((-6)/(-20)*-4)/(42/(-176470)). Suppose s - 908 = 13*w. List the prime factors of w.
2, 3, 53
Suppose 0 = -5*h - r + 65, 4*h + 2 = 4*r + 30. Suppose -5*w = -2*w - h. Suppose -4*g + 2*v = -480, -4*v + v = w*g - 460. List the prime factors of g.
2, 59
Let d(l) = -3*l - l**2 + 6*l + 2*l - 2. Let v be d(2). Suppose 0 = -6*h + v*h - 3*g + 24, 0 = -2*h + 4*g + 24. List the prime factors of h.
2, 3
Let c = 4502 - 682. What are the prime factors of c?
2, 5, 191
Let w(x) = 17*x + 1. Let i be w(1). Let c be 6/4*(20 - i). Suppose -b + 6 = -2*r - r, -c*b + 25 = -2*r. List the prime factors of b.
3
Let c = -376 - -380. Suppose -c*s - s = 3*u - 1477, s - 5*u - 273 = 0. List the prime factors of s.
293
What are the prime factors of (-28 + 1097)/(2/14)?
7, 1069
Suppose -11967*n + 11969*n + 25858 = 4*o, 0 = 2*o - 4*n - 12956. List the prime factors of o.
2, 5, 17, 19
Suppose 32*y - 1645945 = -153*y. What are the prime factors of y?
7, 31, 41
Suppose -12 - 12 = -4*j. List the prime factors of (-3)/(j/(-310))*(-49)/(-5).
7, 31
Suppose 6*a - 34*a - 1988 = 0. Suppose -18 = -4*l + 66. Let u = l - a. List the prime factors of u.
2, 23
Suppose 4*v - 3*z - 73 = 0, -v + 64 = v + 4*z. Suppose -34*a = v*a - 3304. List the prime factors of a.
59
Suppose 41 = -4*u + 5*u - 5*w, 0 = -5*u + 5*w + 165. List the prime factors of 83/(-4)*(27 - u).
83
Suppose 65*h = 61*h + 104. Suppose -2*v - 2*d = -826, -h*v + 22*v - 2*d = -1654. List the prime factors of v.
2, 3, 23
Let i(o) be the third derivative of -19*o**4/8 + 53*o**3/6 - 9*o**2 + 3. List the prime factors of i(-4).
281
Let f be (42/(-147))/(1/(-7)). Suppose f*b - 36 - 8 = 0. Let s = b - -16. What are the prime factors of s?
2, 19
Suppose -5*r = -4*q - 17, -3*q = 2*q - 3*r + 18. Let k be (-20)/((-3)/q)*2. Let m = k - -48. List the prime factors of m.
2
Let j = -219 - -153. Let x(i) = -24*i + 27. Let w be x(-8). Let u = w + j. What are the prime factors of u?
3, 17
Let v = 45 - 48. Let f be ((-5)/v)/((-3)/(-9)). Suppose 0 = -f*o + o + 176. What are the prime factors of o?
2, 11
Suppose 72*q + 111*q = 284748. What are the prime factors of q?
2, 389
Let n be (-6)/(-12)*7/(7/(-10)). List the prime factors of -17*(n - -4)*5.
5, 17
Let o be -3 + 2 + 4 - -31. Suppose 234 = i + o. Suppose 29*p + i = 33*p. What are the prime factors of p?
2, 5
Let v = -93 + 198. What are the prime factors of ((-13)/((-182)/v))/((-1)/(-14))?
3, 5, 7
Let t = 6 - 3. Suppose -t*l = 4*b - 2606, b + 4*l - 522 = 136. What are the prime factors of b?
2, 5, 13
Suppose -16*n - 228 = -4*h - 15*n, 5*n - 148 = -3*h. List the prime factors of 2/(h/(-469))*-4.
67
Let v be ((-42)/12 + 4)*10. Suppose 908 = 2*t - 4*c, 10*t = v*t + 5*c + 2280. What are the prime factors of t?
2, 229
Suppose -2*l + 20464 = 4*i, 4*l - 40954 = 52*i - 47*i. What are the prime factors of l?
2, 3, 853
Suppose -26*l + 29*l = -3*n + 35391, 3*l - 35375 = n. What are the prime factors of l?
3, 3931
Suppose z = 4*j - 106243, -5*j = -9*j + 5*z + 106223. List the prime factors of j.
2, 3, 19, 233
Suppose -56*n + 28*n + 31*n = 0. Let k(i) = i**2 + 248. What are the prime factors of k(n)?
2, 31
Suppose -4*q + 838 = 2*t, 5*q + 146 + 294 = t. Suppose 2*k = d + 52 + 833, 4*d + t = k. What are the prime factors of k?
5, 89
Let c = -56662